 - f - 41 = u. Is z a composite number?
False
Let w(r) = -16*r**3 - 2*r**2 - 4*r - 1. Let h be w(-1). Let m = 17 - h. Suppose -1230 = -3*b - 2*d + 3*d, 3*b + d - 1224 = m. Is b composite?
False
Suppose 127*r - 13263 = 124*r. Is r a prime number?
True
Suppose 6*b = -6379 - 8759. Let n = b + 4696. Is n a prime number?
False
Suppose 0 = 2*l - 10, 3*z - 3*l + 1505 = z. Let t = z - -1415. Suppose 4*g + c = 1320, 0*g + 2*g - t = 2*c. Is g a composite number?
False
Let u = -124 + 52. Let j be u/(-16)*(-6)/(-9). Suppose 3*f + r = 256, -48 = f - j*r - 150. Is f prime?
False
Let l(z) = 3*z**3 + 15*z**2 - 11*z + 10. Let y be l(-16). Let g = 11909 + y. Is g prime?
False
Suppose -2*g - 5208 = -2*u, 0 = 4*u - 8*u + 2*g + 10418. Suppose 0 = z - p - u, -2*p + 4 = -4. Is z composite?
False
Let c(r) = 9*r + 14*r + 3*r - r**3 - 25*r + 8*r - 12 - 6*r**2. Let g be 2/(-3) - 28/3. Is c(g) a composite number?
True
Let z(w) = 122*w**3 + 5*w**2 - 2*w + 1. Is z(2) a prime number?
False
Let f = 5280 + -2482. Is f prime?
False
Suppose 0 = 7*g + 7*g - 159362. Is g composite?
False
Let x(s) = 4*s**2 - 22*s - 10. Let a be x(-15). Let y = 2269 - a. Is y a composite number?
False
Let f be (24/36)/(1/3). Suppose o - f*i = -3*o + 218, -3*i = 3*o - 150. Is o composite?
False
Suppose 36 = 2*v - 0*v. Is (553/(-14))/((-3)/v) prime?
False
Let k = 23261 + -10330. Is k a composite number?
True
Let h(r) = 277*r**2 - 8*r - 43. Is h(-6) a composite number?
True
Let j = 18885 + -11574. Is j a composite number?
True
Let d = 24982 - -3379. Is d prime?
False
Suppose 3*c - 1 = 35. Let u = 9 + c. Is u composite?
True
Let v(x) = x**3 + 10*x**2 + 7*x + 7. Let y be v(-10). Is (-1415)/(-9) - (-14)/y a composite number?
False
Suppose 10 + 0 = 5*t. Suppose 0 = -t*i + 50 + 358. Let m = -55 + i. Is m a prime number?
True
Suppose 9 = 3*v + 3*l, 19 = 4*v - 5*l - 2. Let r = 0 + 4. Suppose 2*c + r*p + 102 = 4*c, -v*p = 5*c - 283. Is c composite?
True
Let u(t) = 364*t**2 + 6*t - 4. Let n be u(3). Let s = n + -834. Suppose 3*k + s = 11*k. Is k a composite number?
False
Suppose 11*g + 8 = 10*g. Is (-6102)/g - (2 + 2)/(-16) a composite number?
True
Let w(y) = -y**3 - y**2 + 10*y + 13. Suppose -28*v - 24 = -26*v. Is w(v) composite?
True
Let i be 6/8 - 26/(-8). Suppose i*n = 2*n + 86. Is n prime?
True
Suppose 0 = -5*b + 25 + 145. Let f = -3 + b. Is f composite?
False
Let b(r) = 2*r + 579. Let a be b(0). Let n = a + 122. Is n a prime number?
True
Let p(a) = 278*a - 5. Let w(g) = 556*g - 11. Let j(u) = 5*p(u) - 2*w(u). Is j(8) a prime number?
True
Suppose 10 = -3*r + 8*r. Let d(u) = -4*u**3 - 3*u**r - 3 + u**3 + 3*u + 8 + u. Is d(-4) a composite number?
True
Is (-2)/(10/(-18105)*3) prime?
False
Let b(q) = 0*q - 3*q - q - 2. Let y be b(-2). Suppose j + 190 = y*j + 5*d, -5*j + 4*d + 154 = 0. Is j prime?
False
Suppose 2*f - 7*f - 6*f = 0. Suppose 0*h - 5*d = 4*h - 1676, f = -2*d. Is h a prime number?
True
Suppose 4*j = -3*p + 2966, 2*j = -3*j + 4*p + 3692. Suppose -n = -4*q - 725, -q + 0*q = n - j. Is n prime?
False
Let w(k) = 78*k**2 + 14*k + 9. Is w(-4) composite?
False
Suppose 10*r = -12*r + 93302. Is r a composite number?
False
Suppose 5*k + 0*k = 0. Suppose k = 2*t - 3*o - 302, -4*o - o = -t + 165. Suppose t = 4*a + 3*w, -w + 75 = 2*a - 2*w. Is a prime?
True
Suppose -3*p + 13201 = 2*c - 54, 17688 = 4*p - c. Is p a composite number?
False
Let l = 18 + -13. Suppose 0 = l*t - t - 3020. Is t prime?
False
Let n be ((-2)/3)/(6/(-9)). Suppose n = -4*d - 15, 4*d = -4*g + 13812. Is g composite?
False
Let n(l) = -6 - 2 - l**2 + 9. Let c be n(-1). Suppose -3*g = -2*z - 115, 5*g + 2*z - z - 183 = c. Is g a prime number?
True
Let o(j) be the first derivative of -11/2*j**2 + 1 + 8/3*j**3 + 1/4*j**4 - 11*j. Is o(-8) composite?
True
Let o(j) = -j**2 + 2*j + 8. Let r be o(9). Let a = r + 204. Is a a composite number?
False
Let a(s) = s + 2. Let d be a(-2). Suppose d = -7*i + 4*i + 5316. Suppose -i = -4*r - 0*r. Is r composite?
False
Suppose -4459 = -w + 4*a, 5*w + 16*a = 13*a + 22364. Is w prime?
False
Is (-1 - 5/(-3))/(30/9585) a composite number?
True
Let a = -25 + 14. Suppose 170 = q - 6*q. Let p = a - q. Is p a composite number?
False
Let w be (-14)/(-63) + 17420/18. Let b = w + -91. Is b a composite number?
False
Let x = 872 - -273. Is x a composite number?
True
Let x(n) = 12*n**2 - 62*n - 33. Is x(-23) composite?
False
Let w(p) = 838*p - 11. Is w(3) prime?
True
Let y = 185 + -164. Is y a composite number?
True
Suppose -5*c = -2*s + 48446, 0 = 5*s + 3*c - 140306 + 19129. Is s prime?
False
Let c be 1/(-1) - 1 - 2. Let v be 1/(-1*(-2)/c). Is (4 + v)/((-4)/(-356)) composite?
True
Let w = -6 + -24. Let i = -30 - w. Suppose -a = i, 5*p - 28 - 127 = 5*a. Is p prime?
True
Suppose -100 = 4*s - 3*g, -3*s - 68 = s + 5*g. Is 6817/2 + 33/s prime?
True
Let p = 0 - -3. Suppose 1732 = 5*b + p*o - 0*o, -3*b + 1036 = 5*o. Let h = b - 52. Is h a prime number?
False
Let h = -36 + 36. Suppose -3*j - 304 = -z - h*z, 5*j + 310 = z. Is z a prime number?
False
Let y = -840 + 1550. Suppose 16*c - 18*c = -y. Is c prime?
False
Let a(i) = 77*i - 1. Suppose 0 = -4*g - 2*g + 24. Is a(g) a composite number?
False
Let y(o) = -o**3 + 30*o**2 + 29*o - 17. Suppose t + 31 = 2*t - 2*p, -5*t + 141 = -3*p. Is y(t) composite?
False
Let h = 36 - 29. Let z = h + -1. Is (358/z)/(4/12) composite?
False
Let v(d) = -43*d - 1. Let m be v(-5). Let c(y) = -4*y**3 - 15*y**2 + 18*y - 24. Let b be c(-13). Suppose -7*n + m = -b. Is n composite?
False
Let j(k) be the second derivative of 13*k**4/6 - k**3/6 + k**2 + 47*k. Let t be -2 - (-2 - -1) - 2. Is j(t) a composite number?
False
Let d be 0 + (-2)/(-4)*13922. Suppose 5*a = 3*u - d, -u - 4*a + 2309 = -0*u. Is u a composite number?
True
Let w = 2740 - 527. Is w composite?
False
Let a(x) = -20*x**2 - 9*x - 26. Let j(w) = -10*w**2 - 5*w - 13. Suppose -l - 2*l = -3, -z = 5*l - 1. Let d(h) = z*a(h) + 7*j(h). Is d(6) prime?
True
Let c be 3/(1 + -3 + 3). Suppose p + 7 = c*n + 3*p, -5*n + 18 = -3*p. Suppose 2*k + 669 = d - n*k, 3*d - 4*k - 2029 = 0. Is d a prime number?
False
Let c = -1743 + 2456. Is c composite?
True
Let s(r) = 75*r**2 + 7*r + 6. Let h be s(6). Let d = h - 1937. Let a = d - 432. Is a prime?
True
Let f = 65 - 60. Suppose -2*k = 3*s - 4303, 10760 = f*k + 4*s + s. Is k a prime number?
True
Let q(v) = 240*v**2 - 30*v - 1. Is q(-7) prime?
True
Let n = 11764 - 1553. Is n a composite number?
False
Let p be -4 + 0 - 16/(-2). Suppose p*d - 868 = 7*l - 2*l, -2*d - 2*l + 434 = 0. Is d a composite number?
True
Let m = -202 + 459. Is m composite?
False
Let d = -3388 + 5503. Suppose 0 = r - 4*r - 3*o + d, 0 = -4*r - 3*o + 2821. Is r/(-1*6/(-15)) composite?
True
Suppose 0 = -4*x - 20, 5*o = x - 3106 + 56636. Let i = -7406 + o. Is i composite?
False
Suppose 0 = -k - 4, -2*o + 4032 = -4*o + 4*k. Is 3*(o/(-12))/2 prime?
False
Let n = 28346 + -13425. Is n prime?
False
Suppose 0 = -10*o + 53788 + 341202. Is o a composite number?
False
Let j be (-4)/10*1*-5. Suppose w - 3*u + 23 = 2*u, -j*w + u - 1 = 0. Is 127*(0 - w)/(-2) prime?
True
Suppose 5*m = 3*n + 1198, -3*n + 4*n = -3*m + 730. Let c = m + 495. Is c a prime number?
False
Suppose 4 - 1 = o. Suppose 2*m + o*m = 70. Is m a composite number?
True
Let o = -88 - -88. Let u = 9 + -5. Suppose -2*x + o*x + u*m + 1174 = 0, -590 = -x + 3*m. Is x composite?
True
Let q = 111 + -147. Is (-35397)/q + (-2)/8 prime?
True
Let o(a) be the third derivative of a**5/30 + a**4/3 + 7*a**3/6 - 4*a**2. Let q be o(-6). Suppose -f = -q - 58. Is f a prime number?
True
Let i be 1 + -66*(-3 - 1). Let r = i - 156. Is r a prime number?
True
Suppose 6 = -p + 1. Let c(k) = 3*k**3 + 2*k**2 - 7*k - 4. Let m be c(p). Let d = m - -533. Is d a composite number?
False
Suppose 2*t + 6 = t - z, -2*t - 5*z - 21 = 0. Let c be (-5)/(t - (-5)/2). Is (c/(-15))/((-4)/678) a prime number?
True
Let p = 70 - 70. Suppose 0*a + 5*a - 12145 = p. Is a a composite number?
True
Suppose -3*d - r = -6*r - 17976, 3*d - r = 17988. Is d a prime number?
False
Suppose 4506 = -7*s + 13*s. Let j = s + -116. Is j a prime number?
False
Let b(v) = 21*v**2 - 8*v + 16. Let u be b(5). Suppose h + u = 2*h. Is h a composite number?
True
Let s be (-1 - -2)*(-614)/2. Let y = s + 438. Is y a prime number?
True
Suppose 6*x - 1928 = 5*x. Is 15/(-45) + 